der when 3229431 is divided by 461346?
9
What is the remainder when 250746 is divided by 949?
210
What is the remainder when 188581812 is divided by 2761?
2751
Calculate the remainder when 108324028 is divided by 110.
98
What is the remainder when 4017876 is divided by 34?
28
Calculate the remainder when 16096613 is divided by 14182.
43
What is the remainder when 1040803 is divided by 17?
12
What is the remainder when 313007 is divided by 44712?
23
What is the remainder when 15221486 is divided by 4421?
4404
What is the remainder when 3763454 is divided by 156807?
86
Calculate the remainder when 1210987 is divided by 88.
19
What is the remainder when 1120702 is divided by 1949?
27
What is the remainder when 1181597 is divided by 127?
116
Calculate the remainder when 6898844 is divided by 202907.
6
What is the remainder when 1147384 is divided by 4683?
49
Calculate the remainder when 206466 is divided by 3226.
2
What is the remainder when 13797299 is divided by 103739?
12
What is the remainder when 1501896 is divided by 1501738?
158
Calculate the remainder when 2872712 is divided by 2872659.
53
What is the remainder when 33006132 is divided by 33006122?
10
Calculate the remainder when 9881633 is divided by 4940800.
33
Calculate the remainder when 683918 is divided by 2060.
2058
Calculate the remainder when 8326532 is divided by 8326500.
32
What is the remainder when 12533434 is divided by 1350?
34
What is the remainder when 270327 is divided by 8171?
684
Calculate the remainder when 319416 is divided by 79774.
320
What is the remainder when 1599410 is divided by 46?
36
What is the remainder when 1527004255 is divided by 904?
903
What is the remainder when 4781677 is divided by 388?
353
What is the remainder when 16702089 is divided by 1283?
1278
What is the remainder when 6914 is divided by 3077?
760
What is the remainder when 119631358 is divided by 480?
478
Calculate the remainder when 70436 is divided by 23457.
65
Calculate the remainder when 302748 is divided by 75538.
596
Calculate the remainder when 18541779 is divided by 713144.
35
Calculate the remainder when 15346 is divided by 571.
500
Calculate the remainder when 4682 is divided by 1664.
1354
What is the remainder when 458847 is divided by 28670?
127
Calculate the remainder when 30434039 is divided by 390.
389
What is the remainder when 71764047 is divided by 27?
18
Calculate the remainder when 212881 is divided by 4314.
1495
Calculate the remainder when 37129 is divided by 107.
0
What is the remainder when 5426783 is divided by 267?
8
What is the remainder when 300199 is divided by 1035?
49
Calculate the remainder when 2050487 is divided by 1393.
1384
What is the remainder when 6475685 is divided by 137?
106
What is the remainder when 20867945 is divided by 253?
252
What is the remainder when 1927085 is divided by 1222?
1213
Calculate the remainder when 30946 is divided by 638.
322
Calculate the remainder when 16834600 is divided by 2128.
2120
What is the remainder when 5423592 is divided by 475?
42
What is the remainder when 7360196 is divided by 7360184?
12
Calculate the remainder when 37422243 is divided by 3.
0
What is the remainder when 35052279 is divided by 3950?
3929
What is the remainder when 187957314 is divided by 187957312?
2
What is the remainder when 1663081 is divided by 276?
181
Calculate the remainder when 3998954 is divided by 2037.
323
Calculate the remainder when 944089 is divided by 2539.
2120
Calculate the remainder when 25591 is divided by 230.
61
Calculate the remainder when 2218261 is divided by 277282.
5
What is the remainder when 14406992 is divided by 28?
12
What is the remainder when 855308 is divided by 170620?
2208
What is the remainder when 3530239 is divided by 512?
511
What is the remainder when 356591 is divided by 2459?
36
Calculate the remainder when 4793790 is divided by 339.
330
Calculate the remainder when 92988 is divided by 2214.
0
Calculate the remainder when 175720170 is divided by 1602.
1596
Calculate the remainder when 76755598 is divided by 1999.
1994
What is the remainder when 22286213 is divided by 391?
386
What is the remainder when 959284 is divided by 239756?
260
Calculate the remainder when 364333 is divided by 1320.
13
Calculate the remainder when 3969191 is divided by 110246.
335
What is the remainder when 203179 is divided by 3219?
382
What is the remainder when 414753 is divided by 48?
33
Calculate the remainder when 8786865 is divided by 4393430.
5
Calculate the remainder when 300979 is divided by 146.
73
What is the remainder when 29783177 is divided by 2024?
17
What is the remainder when 4385298 is divided by 10058?
10
What is the remainder when 69915 is divided by 1413?
678
Calculate the remainder when 24540 is divided by 2668.
528
Calculate the remainder when 225692 is divided by 4980.
1592
What is the remainder when 328655 is divided by 7483?
6886
What is the remainder when 8819881 is divided by 38?
5
Calculate the remainder when 5351135 is divided by 4281.
4166
What is the remainder when 198116 is divided by 15188?
672
What is the remainder when 569905 is divided by 3454?
3449
Calculate the remainder when 6716 is divided by 32.
28
Calculate the remainder when 33872483 is divided by 846812.
3
What is the remainder when 1466200 is divided by 9583?
1
What is the remainder when 63404 is divided by 2264?
12
Calculate the remainder when 6514677 is divided by 6514556.
121
Calculate the remainder when 1909448 is divided by 6630.
8
Calculate the remainder when 2045408 is divided by 44.
24
What is the remainder when 14550 is divided by 4804?
138
Calculate the remainder when 48887216 is divided by 30.
26
Calculate the remainder when 49293 is divided by 2872.
469
Calculate the remainder when 34231 is divided by 16793.
645
Calculate the remainder when 1230938 is divided by 6580.
478
What is the remainder when 664314 is divided by 979?
552
Calculate the remainder when 300660 is divided by 5575.
5185
Calculate the remainder when 38029777 is divided by 357.
352
Calculate the remainder when 107149474 is divided by 2446.
2444
What is the remainder when 89125 is divided by 1218?
211
What is the remainder when 1114310818 is divided by 105?
103
What is the remainder when 521629 is divided by 5216?
29
Calculate the remainder when 145801 is divided by 557.
424
Calculate the remainder when 914429 is divided by 914372.
57
What is the remainder when 2411464 is divided by 1204963?
1538
Calculate the remainder when 352371 is divided by 70350.
621
Calculate the remainder when 75743545 is divided by 3121.
3117
Calculate the remainder when 36911731 is divided by 46.
43
Calculate the remainder when 814827 is divided by 54279.
642
Calculate the remainder when 803097 is divided by 272.
153
Calculate the remainder when 440424600 is divided by 660.
0
What is the remainder when 12642548 is divided by 1521?
1517
What is the remainder when 219393585 is divided by 15?
0
What is the remainder when 264657 is divided by 2785?
82
What is the remainder when 46396938 is divided by 187?
181
What is the remainder when 4697190 is divided by 95?
10
What is the remainder when 5074849 is divided by 50246?
3
Calculate the remainder when 1652346 is divided by 1248.
1242
Calculate the remainder when 79062201 is divided by 178068.
9
Calculate the remainder when 1878810 is divided by 649.
604
What is the remainder when 53075 is divided by 8844?
11
What is the remainder when 2509218 is divided by 358434?
180
What is the remainder when 711827 is divided by 14522?
249
Calculate the remainder when 11433957 is divided by 37.
32
Calculate the remainder when 1677770 is divided by 234.
224
Calculate the remainder when 36494650 is divided by 115856.
10
Calculate the remainder when 147523724 is divided by 3877.
3874
What is the remainder when 192603 is divided by 192567?
36
What is the remainder when 34857 is divided by 7494?
4881
Calculate the remainder when 878174 is divided by 257.
5
What is the remainder when 16759434 is divided by 36?
30
What is the remainder when 11187812 is divided by 5830?
42
Calculate the remainder when 9283401 is divided by 26.
23
What is the remainder when 39487 is divided by 39302?
185
What is the remainder when 20262 is divided by 1653?
426
What is th